3*b - 18 = 0. What is the tens digit of i?
3
Let t(b) = -2220*b**3 - 9*b**2 - 36*b - 36. What is the thousands digit of t(-3)?
9
What is the units digit of ((-12926)/299)/(2/(-13))?
1
Suppose 8061 = -70*a + 73*a. Suppose 11*l = a + 3506. What is the units digit of l?
3
Suppose 51*f - 420432 = -25*f. What is the hundreds digit of f?
5
Suppose 0 = 2*g - v - 4, 2*g + 3*v - 20 = -0*g. Let b = -3544 + 4532. Suppose -d = x - 203, -4*d - d + b = -g*x. What is the tens digit of d?
0
Suppose 5*k = -5*t + 23379 + 91891, k - 23079 = -6*t. What is the thousands digit of k?
3
Let c = 10447 - 9727. What is the tens digit of c?
2
Suppose 0 = -1267*n + 1263*n + 3900. What is the units digit of n?
5
Let u(l) = -2*l + 7. Let a be u(4). Let i be 42/6 + (-3 - a). Suppose i*r - 4*r - 81 = 0. What is the tens digit of r?
8
Suppose 0 = 309*q - 791*q + 24194472. What is the tens digit of q?
9
Suppose -145*j = -279775 - 122165. What is the thousands digit of j?
2
Let u be ((-12)/(-7))/(-1)*7. Let t(b) = -b - 3. Let p be t(u). Let i(r) = r**2 - 9*r + 17. What is the tens digit of i(p)?
1
What is the thousands digit of 1/(-4) + ((-253125)/(-36) - 1)?
7
What is the thousands digit of (-44)/55 + (-39)/(-273) + (-401823)/(-35)?
1
Let i(a) be the third derivative of -11*a**4/4 - 16*a**3/3 - 54*a**2. What is the hundreds digit of i(-6)?
3
Suppose 0 = 15*m - 14*m + 15. Let l be m/(-30)*(-490 - (-1 + 1)). Let k = l + 386. What is the units digit of k?
1
Suppose -4*g = -4*k - 148147 + 375159, 4*k + 5*g - 227012 = 0. What is the thousands digit of k/38 + ((-45)/6)/3?
1
Suppose -28*p - 660160 = -58*p - 50*p. What is the hundreds digit of p?
2
Let f(q) = 24*q**3 - 21*q**2 - 27*q + 4. What is the thousands digit of f(10)?
1
Suppose -4*p + 40*k + 178195 = 41*k, -133613 = -3*p + 4*k. What is the units digit of p?
7
What is the hundreds digit of 4656/10*(-5850)/(-260)?
4
Let d(r) = 27*r - 25. Let w = 21 - 6. Suppose -20*y + w*y = -35. What is the tens digit of d(y)?
6
Suppose 0 = 2*j - 5*x - 6028, 0 = -3*j - 233*x + 232*x + 9042. What is the hundreds digit of j?
0
Let o(n) = 7148*n - 86. What is the thousands digit of o(3)?
1
Let j(u) be the third derivative of u**5/30 - u**4/4 - 8*u**3/3 - u**2. Suppose -17*y = 44 + 41. What is the tens digit of j(y)?
6
What is the units digit of (-6)/(-30)*(35 - -4080)?
3
What is the tens digit of 9 + 9286 + (0 - -6)?
0
Suppose 26*p - 1306408 - 405968 + 387000 = 0. What is the tens digit of p?
7
Let u be (0/(24/(-6)))/1. Suppose u*r - o = r - 133, 0 = -4*r - o + 538. What is the units digit of r?
5
Let x = 125 - 125. Suppose x = 6*p - 511 - 1151. What is the tens digit of p?
7
Let v be 1/(5/80*-2). Let p(h) = -22*h - 40. Let x be p(v). Suppose -l = 5*k - 50, -4*l - 5*k - 11 + x = 0. What is the units digit of l?
5
Let o be (-2 - -1) + (2478 - -8). Suppose 1051 + o = 8*q. What is the units digit of q?
2
What is the tens digit of 550800/275 - 1/(-11)?
0
Let g be (1 - 0)*(3 + 0). Suppose 0 = -3*n + 3*m + 3, 1 = -g*n + 3*m + m. Suppose -n*u + 420 = -u - 4*x, 4*u - 418 = 2*x. What is the units digit of u?
4
Let p be (-5)/(-30)*-2*-6. Suppose 0 = p*m + 8 - 4, 18 = 2*o + m. What is the units digit of o?
0
Let s(h) = -14*h + 552. What is the units digit of s(-6)?
6
Let b(m) = -m**2 - 13*m - 12. Let l be b(-12). Suppose l = -10*a + 716 + 104. What is the units digit of a?
2
Let w(z) be the first derivative of -z**2 + 9*z + 6. Let n be (-49)/3 - 4/6 - 1. What is the tens digit of w(n)?
4
Suppose 0 = -5*w - 5*y + 65, w + 2*y - 3 = 13. Suppose -9 = -3*d, -w*u + 3609 = -5*u + 3*d. What is the units digit of u?
0
What is the units digit of ((-274)/(-8)*2)/((-2)/(-144))?
2
Let l(v) = -1 + 2*v + v + 95*v**2 - 4*v + 0*v. Let g be l(-1). Let c = -7 + g. What is the units digit of c?
8
Let i = 6122 - -4892. What is the hundreds digit of i?
0
Let m = 208 - -96. Suppose 10*u - 8*u = m. What is the units digit of u?
2
Let x(j) = -16614*j + 3569. What is the thousands digit of x(-2)?
6
Suppose 38 = -2*a + 54. Suppose 84 = -a*c + 148. What is the units digit of c?
8
Let t(c) = 13*c + 36. Let b be (8 - 5)*(20/6 - 0). Suppose -3*o + 4*y = -b, o - 1 = y + 3. What is the tens digit of t(o)?
1
Let w = -9931 - -11085. What is the units digit of w?
4
Let b be 8 + (-9)/(54/42). What is the hundreds digit of (72*-1)/(((-18)/99)/b)?
3
Let j = -226 - -292. Let f = 603 + j. What is the units digit of f?
9
Let b be -26 - (2/2 + 0/2). Let x(r) = -r + 50. What is the tens digit of x(b)?
7
Let g be (-3)/(-1 - 4/(-10)). Suppose n = 0, 10 = g*x - 0*x + 3*n. Suppose 0 = x*d + 5*d - 329. What is the tens digit of d?
4
Let d(u) = u**2 + 15*u - 33. Let g be d(-16). Let j = g - -21. Suppose 252 = j*t + c, 5*t - c - 449 + 134 = 0. What is the units digit of t?
3
Let o(l) = l**3 + 3*l**2. Let n be o(-3). Suppose 24 = -n*d + 12*d. Suppose 440 = 4*t - p, -2*t = -d*p - 9 - 211. What is the tens digit of t?
1
Suppose -2*o - 3*u - 181 = 0, -u = -4*o + 4*u - 373. Let f = o - -177. What is the tens digit of f?
8
Let s be ((-44)/176)/((-2)/16). Suppose -13 - 23 = -4*x + a, -x + 9 = 4*a. Suppose x = -s*t + 217. What is the hundreds digit of t?
1
Suppose 6*i = -26 - 10. What is the units digit of ((-998)/i)/(9/27)?
9
Suppose -5*z - 2*n - 3 = -n, -5*z + 3 = -n. Suppose 1835 = -z*j + 5*j. Suppose -621 = -5*o - x, 3*o + x = -x + j. What is the units digit of o?
5
Let h(l) = 17*l**2 - 3*l - 10. Let j be h(8). Suppose 4*n + 3*i = j + 58, 4*i = 0. What is the hundreds digit of n?
2
Suppose 10*z = -761 - 2809. Let o be ((-88)/(-6))/((-2)/(-72)). Let d = o + z. What is the hundreds digit of d?
1
Let k(a) = 6*a**2 - 112*a - 6252. What is the units digit of k(-43)?
8
Let r(k) = 3160*k + 937. What is the units digit of r(4)?
7
Let h = -37 + 39. Suppose -5*w - 4*z = -9, -4*w + 0*z + 12 = h*z. Suppose w*f = 5*s + 465, 3*s = -0*f + f - 85. What is the units digit of f?
7
Let y = -37256 + 55317. What is the thousands digit of y?
8
Suppose 0 = 343*b - 350*b + 147. Suppose b*i - 27*i = -6834. What is the tens digit of i?
3
Let h = 137 - 105. Suppose 5*f + 2*o = -27, 2*o - h = 4*f + o. Let r(d) = d**3 + 7*d**2 - 4*d - 2. What is the units digit of r(f)?
6
Suppose -21424 = -9*k - 4*k. Suppose 7*l = 5*l + k. Suppose -5*i + 4*z = -l, -4*z - 96 = -i + 72. What is the units digit of i?
4
What is the tens digit of (-3)/9*5*(4 - (-660535)/(-25))?
2
Let o(h) = 13*h**3 - h**2 + 3*h - 1. Let w be o(1). Let m(b) = -b + 17. Let v be m(w). Suppose 4*q = -p - v*p + 52, -4 = -q. What is the units digit of p?
9
Let a be 147/14*60/21. Let w(g) = g**2 - 31*g + 81. What is the units digit of w(a)?
1
Let b be -8*(-39)/(-52)*4/6. Let g be (-1 + 218/b)/((-33)/22). Suppose 3*r - g - 20 = 0. What is the tens digit of r?
1
Suppose 230 = 21*k - 1. Suppose -17078 - 3998 = -k*r. What is the hundreds digit of r?
9
Let l(k) = -67*k - 95. Let v be l(-6). Suppose -299*f = -v*f + 824. What is the hundreds digit of f?
1
Let h = 6403 - -8426. What is the hundreds digit of h?
8
Let i(y) = 3*y + 36. Let s be i(11). Let j = 73 - s. What is the units digit of j/(-16) + 234/8?
9
Let b be (-120)/72*9/(-5). What is the hundreds digit of (8/12*b)/2 + 465?
4
Let s = -97 + 100. What is the tens digit of 300 - (6/s - (6 - 6))?
9
Let g(d) = -d**2 + 4*d + 1. Let t be g(3). Let j(u) = -2*u. Let h(l) = -2*l**3 + 7*l**2 - 4. Let k(q) = -h(q) - 2*j(q). What is the tens digit of k(t)?
3
What is the tens digit of 0 - (1 + -4) - 65076/(-17)?
3
Let c(z) = -z**3 - 2*z**2 + 67*z + 15534. What is the units digit of c(0)?
4
Let m(v) be the second derivative of -v**4/12 - 35*v**3/6 + 89*v**2/2 + 131*v. What is the hundreds digit of m(-26)?
3
What is the units digit of ((0 - -2)*246/4)/(67/40133)?
7
Suppose -156*d + 1550304 = -9*d + 342111. What is the hundreds digit of d?
2
Suppose -13*b = -19 + 19. Suppose -q + 3*f + 201 = -319, b = -4*f + 8. What is the units digit of q?
6
Suppose 3*a - 69549 = 3*d, 16*d - 69501 = -3*a + 11*d. What is the tens digit of a?
7
Suppose 0 = -9*f + 603 - 54. What is the units digit of (f - 37) + 1 + -3?
2
Let y(u) = -48*u**3 + 9*u - 4 + 25*u**3 + 22*u**3 - 9*u**2 + 1. Let m be y(-10). What is the tens digit of (-4)/2*(226/(-4) - m)?
2
Let w(v) = 68*v - 21. Suppose -2*r - 9 = 5*g, 2*r = -0*r - 2*g. Let h be w(r). Suppose -j + h = 4*p - 2*p, -4*p - 5*j